*3/3 + o - 65. Give l(t).
10
Let d(w) be the first derivative of -3/2*w**2 - w + 5. Let h(s) = -s**3 + 5*s**2 - s + 4. Let r be h(5). What is d(r)?
2
Let c(o) = -o**3 + o**2 - 1. Let z(t) = -t**3 + 6*t**2 + 3*t - 2. Let j(l) = -2*c(l) + z(l). Calculate j(-3).
0
Let o be (-4)/(-4)*-1*-4. Let m(h) be the third derivative of h**7/2520 - h**6/360 + h**5/60 - h**2. Let c(q) be the third derivative of m(q). What is c(o)?
6
Let q = 6 - 8. Let o(j) = -2*j**2 - 6*j + 1. Let n(v) = v. Let p = -4 - -5. Let f(c) = p*o(c) + 5*n(c). Determine f(q).
-5
Let x(v) = -2*v + 1. Suppose 14 - 54 = -5*n. Let y = 12 - n. Determine x(y).
-7
Let z(w) = -4*w. Let b = 10 - 7. Suppose -2 = -3*s - 4*p, 2*s + 0*s - p + 6 = 0. Let u = b + s. Calculate z(u).
-4
Let g be (-2)/3*(-81)/6. Suppose 2*c + c = g. Let q(y) = y - 4 + c + 2*y. Calculate q(-1).
-4
Suppose 3*v = 3*z + 24, 0*v + 2*z + 1 = -3*v. Let i(n) = n - n**2 + 0 - v - 6*n. Let u(w) = w**2 + 6*w + 3. Let l be u(-2). Determine i(l).
-3
Let t(r) = 5*r**2 + 3 + 2*r**3 - 4*r**2 + 2*r + 0 - r**3. Determine t(-2).
-5
Let x(w) = -11*w**2 + 6*w + 17. Let j(p) = -5*p**2 + 3*p + 8. Let l(d) = -9*j(d) + 4*x(d). Give l(5).
6
Let y(a) be the first derivative of -a**2 - a + 4. Give y(-3).
5
Let k(z) = -z**2 - 4*z. Let q(a) = -3*a**2 - 14*a. Let o(b) = -7*k(b) + 2*q(b). Calculate o(2).
4
Suppose -24 - 63 = -4*i + u, 3*i = -u + 67. Suppose -4*n + 17 = -f, -2*f - n - i = 3*f. Let p(y) = y**3 + 6*y**2 + 3*y - 5. What is p(f)?
5
Suppose 3 + 10 = -p. Let f be p/(-5) - 4/(-10). Let r(v) = v**2 - 2. What is r(f)?
7
Let i(x) = -5*x. Let b(y) = 4*y + 3. Let s be b(-3). Let p = 3 + s. Let m be ((-3)/p*2)/(-1). Give i(m).
5
Let x = -107 + 103. Let m(a) = -a**2 - 6*a + 5. Calculate m(x).
13
Let x(c) = -c**2 - 2*c + 2. Let y be 16/40 - (-51)/(-15). Determine x(y).
-1
Let a(l) = l**2 + 7*l + 1. Let z(c) = 4*c - 41. Let s be z(9). What is a(s)?
-9
Let p = 1 + 0. Let o(s) = 2*s - 1 - p + s**3 + 3*s**2 + 0*s**3 - 3*s. Calculate o(-3).
1
Let a = -19 + 12. Let c = a - -4. Let q(o) = 2*o**2 + 2*o + 4. Let s(x) = -x**2 - x. Let n(g) = q(g) + 3*s(g). Determine n(c).
-2
Let d(v) be the first derivative of v**5/120 + v**4/8 - 3*v**3 - 7. Let i(t) be the third derivative of d(t). Determine i(-3).
0
Let v(h) = 11*h**2 - 21*h + 6. Let x(k) = 4*k**2 - 7*k + 2. Let n(s) = 3*v(s) - 8*x(s). Calculate n(7).
2
Let q(m) be the second derivative of -m**3/2 + 5*m**2/2 - 4*m. Let a be (-42)/10 + 13/65. Determine q(a).
17
Suppose 5*r = 2*o + 15, -o = -5*r - 4 + 19. Let q(t) = -6*t + 2*t + r*t + 0*t + 5. Calculate q(-4).
9
Let q be 3/2*-4*(-12)/9. Let i(a) = a**2 - 5*a - 11. What is i(q)?
13
Let a(k) = -k**3 + 3*k + 1. Let p be (-69)/(-46)*(-8)/6*1. What is a(p)?
3
Let z(h) be the third derivative of -h**6/120 + 3*h**5/20 - 7*h**4/24 - 5*h**3/3 - 20*h**2. Calculate z(8).
-2
Let z(c) = c - 1. Let i be z(-4). Let r be (3/9)/(1/6). Let t(k) = k + 2*k - 4*k - r + 0. Give t(i).
3
Let d(n) = -3*n**3 + 2*n**2 + n. Suppose -2*l = -l - 6. Let p be (2/l)/(4/(-12)). Give d(p).
4
Let g(w) be the third derivative of 0 + 0*w - 1/120*w**6 - 2*w**2 + 1/15*w**5 + 1/3*w**3 + 0*w**4. Give g(4).
2
Suppose 62 = 12*f + 14. Suppose v - 15 = -4*q, -5*v + 3*q = 1 - 7. Let p(u) = 4*u**3 + f*u + 2 - 5*u**v - 4*u**2 + 5*u - 3*u. Determine p(-5).
-3
Let q(d) = 0*d**2 - d - 11*d**3 + 4*d**2 + 1 - d - 2*d**2. What is q(1)?
-10
Let n(u) = -6*u**2 + u. Let h = -1 - -2. Let t = -3 - h. Let c = 3 + t. Determine n(c).
-7
Let x(o) = o - 3. Let d = 40 + -37. Determine x(d).
0
Let g(c) = c**3 + 4*c**2 - c - 3. Let r(i) = -i**3 - 7*i**2 - 6*i + 5. Let j be r(-6). Suppose l + 29 = -0*l - j*x, -5*l = x + 25. What is g(l)?
1
Suppose -6*i + 6 = -5*i. Let s(o) = 5*o + i - 4*o**2 - 10 + 2*o**2. Suppose -2*p = -6*p + 12. What is s(p)?
-7
Let z be (-58)/(-14) + (-7)/49. Suppose 35 = -z*t - t. Let b(o) = o**2 + 8*o + 6. Determine b(t).
-1
Let d(f) = -2*f**3 + f**2 + 3*f - 1. Let j(x) = 0*x**3 - x**3 - 3*x + 5*x + x**2. Let o(n) = -2*d(n) + 5*j(n). Let l be (-2)/(2 - (-10)/(-4)). Determine o(l).
2
Suppose -u = 2*u - 5*i - 48, -2*i + 90 = 4*u. Suppose -5*s - 4*k = -30, u = 4*s - s + 3*k. Let q(v) = -2*v + 2*v + v**3 + 1 - 2*v**2. What is q(s)?
1
Let x = 2 + 2. Let j(a) = a - 7. Let b(h) be the third derivative of h**4/8 - 10*h**3/3 - h**2. Let m(k) = x*b(k) - 11*j(k). Calculate m(2).
-1
Let s(l) be the third derivative of -l**8/6720 - l**7/2520 + l**6/180 - l**5/120 + 5*l**4/24 - 7*l**2. Let k(o) be the second derivative of s(o). Give k(-3).
5
Let y(m) = -m - 6. Suppose 0 = -2*g, -g - 3 = -5*z - 23. Let q = z + 8. Suppose -2*k = -r - 0 - 4, r = -2*k - q. Give y(r).
-2
Let s(f) = -f**2 + 6*f + 1 - 8*f + f. Calculate s(-5).
-19
Let c(f) = 9 - 9 - f. Let d(g) be the third derivative of -g**5/60 + 5*g**4/12 - 5*g**3/6 + 2*g**2. Let q(y) = 5*c(y) + d(y). Determine q(4).
-1
Let v(n) be the third derivative of 7/6*n**3 + 0*n + 0 - 4*n**2 - 1/12*n**4. Let z = 12 - 7. Calculate v(z).
-3
Let d be (-34)/10 + 18/(-30). Let w(j) = -3*j - 7. Let v(l) = -l - 1. Let g(t) = v(t) - w(t). Calculate g(d).
-2
Let j(o) = -14*o + 20. Suppose 0 = -2*q - 3*g + 3, q - 5*q + 5*g + 17 = 0. Let d(b) = 2*b + 2*b - 2*b - 7 + q*b. Let n(f) = -11*d(f) - 4*j(f). What is n(3)?
0
Let s(m) = -m**2 - 2*m + 7. Let f be (-2 + -1 - (-72)/40)*5. Determine s(f).
-17
Let n = -3 - -5. Suppose -2 = -n*b - 0*b. Let t(y) = -3 + 5 - y + b. Calculate t(-4).
7
Let s(p) be the second derivative of p**3/6 + p**2 - 16*p. Give s(-5).
-3
Let n be (-10)/4*(-10)/5. Let h(y) = 2*y**2 - y**3 + 4*y**2 + y - 2 + n. Give h(6).
9
Let o(g) be the third derivative of g**5/60 - g**4/4 - 6*g**2. Calculate o(5).
-5
Let l = -53 + 49. Let x(p) = p**3 + 3*p**2 - 5*p + 1. Calculate x(l).
5
Let n(s) = -s**2 - 5*s - 4. Let t(l) = -2*l - 3. Let a be t(-3). Suppose -a*i - 5 - 4 = 0. Give n(i).
2
Let y(c) = -c**3 - c**2 - c + 1. Let m(x) = -2*x**3 - x**2 - 7*x + 1. Let k(n) = m(n) - y(n). Let q(v) = v. Let p(h) = -k(h) - 6*q(h). What is p(-1)?
-1
Let c(k) be the third derivative of -k**5/60 - 11*k**4/24 - 5*k**3/6 - 25*k**2. Determine c(-10).
5
Let t be (-4)/(-8) - 3/(-2). Let n(a) = -8 - 2 - t*a + 2. Give n(-6).
4
Let d(f) = f + 1. Let q(c) = 4*c + 4. Let n(i) = 7*d(i) - 2*q(i). Let g be (-3 + 0)*(-2)/(-1). Give n(g).
5
Let m(y) = -y**2 + 4*y + 2. Let l be 3 - ((-9)/3)/(-1). Let f = -4 - l. Let w be (-12)/18*18/f. What is m(w)?
5
Let d(b) be the second derivative of -b**3/6 - 3*b**2 - 23*b. Suppose l + 3*l + 24 = 0. What is d(l)?
0
Let s(x) = -4*x**2 - 3*x - 4. Let n(v) = 7*v**2 + 5*v + 7. Let k(a) = -3*n(a) - 5*s(a). Let j be 2/(2 - 0)*0. Calculate k(j).
-1
Let t(d) be the first derivative of 5*d**2/2 - 8. Determine t(-2).
-10
Let h = -3 - -7. Suppose c = 2*z + h, -3*c + 13 - 1 = -2*z. Let d(a) = -a**3 + 3*a**2 + 3*a. Calculate d(c).
-4
Let m(b) = 6*b**3 - 2*b**2 + 2*b - 1. Let o be m(1). Let w(l) = l**2 - 2*l - 2. Calculate w(o).
13
Let f(s) = -s**3 + s**2 - 1. Let q be 8/14 - (96/(-21))/(-8). What is f(q)?
-1
Let u be (-18)/14 + 2/7. Let c = u + 5. Let a(w) = -w**2 + 4*w - 2. Calculate a(c).
-2
Let g(k) = -10*k. Suppose -6*z = -4*z + 2. Let b be (3 + 0)/(z + 2). Suppose -b*s + s - 2 = 0. What is g(s)?
10
Let i be (-1)/1 - 1*-3. Let l(j) = j**2 - 10*j + 1. Let y be l(10). Let z(c) = y + i*c - 1. Give z(-2).
-4
Let u = -66 + 71. Let r(o) = o**2 - 5*o. Calculate r(u).
0
Let z(h) = h - 4. Suppose -3*m - 9 = 3*n, 2 = 3*n + m + 5. Suppose 3 + n = x. What is z(x)?
-1
Let i(n) = n**2 - 4*n + 2. Suppose z - 5*u = -15 - 4, 3*z - 5*u + 7 = 0. Give i(z).
14
Let w = -554 - -33241/60. Let h(n) be the third derivative of 0*n - w*n**5 + 3*n**2 + n**3 + 0 + 1/6*n**4. Give h(5).
1
Let z(a) = a - 2. Let k(l) = -l - 9. Let g(c) = -k(c) + 4*z(c). Give g(4).
21
Let q(h) = h**2 - h. Suppose 4*p - 2 = 14. Suppose 3 = 3*d + p*f, 0 = 5*d + 2*f - 5. Give q(d).
0
Let t(h) = -h + 1. Let p(r) = 6*r - 1. Let f(q) = p(q) + 4*t(q). Let b be (0 + 0)/(-4 + 2). Let j be (-5)/((-10)/6) + b. What is f(j)?
9
Let m(w) be the third derivative of w**4/24 - 7*w**3/6 - w**2. Calculate m(0).
-7
Let h(y) = -y - 1. Let s = 27 + -9. Let w = 30 - 43. Let v = s + w. Give h(v).
-6
Let g(w) = 22*w - 1. Let j(d) be the second derivative of -5*d**3/2 + d**2/2 + 3*d. Let t(r) = 5*g(r) + 7*j(r). Calculate t(-2).
-8
Let o be -1 + 4*2/2. Let c(